?
2, 17, 53
Let f(d) = -2*d - 50. Let y be f(-20). Let k(b) = -18*b + 29. List the prime factors of k(y).
11, 19
Let t be ((-54)/(-36))/((-2)/(-4)). List the prime factors of (-2)/(-3) + 163/t.
5, 11
Let v = -32 - -27. Let d(r) = -6*r + 11. What are the prime factors of d(v)?
41
Suppose 0 = -3*n + 5*d + 8416, -4*n - 11*d = -15*d - 11216. What are the prime factors of n?
2, 3, 467
What are the prime factors of (6/4)/((-10)/(14660/(-1)))?
3, 733
Suppose 5*x - 555 = -2*o, -2*x + 2*o = -3*o - 251. Let y = 160 - x. What are the prime factors of y?
47
Let q be (-2)/(1/8*4). List the prime factors of 54/(q + 7) + -2.
2
Suppose 30 = -0*m + 5*m. Let k be (2/m)/((-11)/(-33)). Let c(j) = 7*j**2 + j. What are the prime factors of c(k)?
2
Let k be (-12)/(-4) + 147/3. Suppose g - 3*a - 14 = 0, -a - a + k = 2*g. Suppose -5*r - 2*t = -g, 3*t + 3 = -4*r + 20. List the prime factors of r.
5
Suppose 0 = -3*n + 7 + 11. Suppose n*j - j = 0. Suppose 2*g = -j*g + 40. What are the prime factors of g?
2, 5
Suppose 4*l = -5*k + 17, -6*k + 9*k + 5*l = 5. Suppose -k*d + 144 = -d. List the prime factors of d.
2, 3
Let y be 80/(-36) - -2 - 94/(-18). Let a(f) = f**3 + f**2 - 7*f + 3. What are the prime factors of a(y)?
2, 59
Suppose -28*v - 4383 = -37*v. List the prime factors of v.
487
Let x(r) = -3*r - 18. Let a be x(-8). What are the prime factors of (4 - 2)*36/a?
2, 3
Let b = 5 - 4. List the prime factors of 0/(-7) - (-173 + b).
2, 43
Let v(q) = -q**3 - 10*q**2 - 8*q + 11. Let s be v(-9). Suppose -s*k + 4*k = 78. List the prime factors of k.
3, 13
Let l(c) = -592*c**3 - 5*c**2 - 5*c - 2. List the prime factors of l(-1).
2, 5, 59
Let p(s) = 6*s**2 + 2*s - 26. List the prime factors of p(-8).
2, 3, 19
Suppose -2472 = -6*d + 3*d. Suppose 2*s + 1538 = f - 95, -f - d = s. What are the prime factors of 1/(-4) + s/(-12)?
2, 17
Suppose -w = -2*u + 7, -3*w + 9 = -0*w. Let k = 13 - u. What are the prime factors of k?
2
Let j(h) = h**3 + 14*h**2 + 15*h + 18. Let v be j(-13). Let y = v - -6. What are the prime factors of (-1)/(y/36) - -2?
2, 5
Suppose 5*a = -244 + 3814. List the prime factors of a.
2, 3, 7, 17
Suppose 11*m + 1085 = 4*m. List the prime factors of -4 - (m + 0 + 4).
3, 7
Let d(n) be the first derivative of n**3/3 + n**2 - 5*n + 27. What are the prime factors of d(-11)?
2, 47
Suppose -3*r - 3*l = -0*r - 957, 3*r - 2*l = 937. List the prime factors of r.
3, 5, 7
Let a be (1 - (-16)/2)/(-38 + 39). Suppose -6*r = -r - q - 237, 0 = -3*q + a. List the prime factors of r.
2, 3
Let n(i) = -3*i + 1. Let x be n(-1). Let y = 18 + 4. Suppose x*l + 17 = -h - l, -4*h + y = 2*l. What are the prime factors of h?
2
Suppose -45*n - 1134 = -49*n + 2*h, 0 = -5*n + 5*h + 1425. What are the prime factors of n?
2, 3, 47
Let i(y) be the third derivative of -5*y**4/12 + y**3/2 + 4*y**2. Let d be i(-3). Let w = -20 + d. List the prime factors of w.
13
Let f(p) = -2 + 3*p - 2*p + 0*p - 2. Let w be f(7). What are the prime factors of (-302)/(-12) - w/18?
5
Suppose o = -1 + 2. Let d be o/4 + (-1410)/(-24). Let s = 94 - d. List the prime factors of s.
5, 7
Let l be 2*9*16/3. Let c(z) = -3*z**2 - 15*z - 12. Let m be c(-7). Let y = m + l. What are the prime factors of y?
2, 3, 7
What are the prime factors of 1/(-12) - 3637/(-12)?
3, 101
Let n(y) = 2*y**3 - 8*y**2 - 49*y - 28. List the prime factors of n(13).
2377
Suppose -2*j - 21 = 4*l + 1, -j - 19 = -2*l. Let p = j + 77. What are the prime factors of p?
2, 31
Suppose -4*y - 2 + 5 = -3*l, 0 = 2*l + 3*y + 2. Let w(f) = -8*f + 2. Let g be w(l). Suppose -2*a + 12 = z, 37 - g = 2*z + 3*a. What are the prime factors of z?
2, 3
Let r be (-4)/(8/22*-1). Let z(g) = g**3 - 10*g**2 - 8*g - 11. List the prime factors of z(r).
2, 11
Let l(q) = -q**3 - 7*q**2 + 17*q - 44. What are the prime factors of l(-11)?
11, 23
What are the prime factors of 6/(-45) - 18366/(-45)?
2, 3, 17
Let k(i) = 23*i + 48. Let b be k(-2). Let l be ((-1)/(-2)*0)/2. Suppose 5*t - b*m = -l*m + 108, -4*t - m + 76 = 0. What are the prime factors of t?
2, 5
Suppose v = -1 + 12. Let z = -16 + v. Let m(n) = -n**3 - 6*n**2 - 6*n + 2. What are the prime factors of m(z)?
7
Let r be 12/(-54) - 32/18. Let l(z) = 43*z**2 - z - 2. Let b be l(r). Suppose 4*v - b = 40. What are the prime factors of v?
53
What are the prime factors of 100 + (-8 + 6)/(-1)?
2, 3, 17
Suppose -4*p = 77 + 163. Let n = 105 + p. Suppose y = 4*y - n. What are the prime factors of y?
3, 5
Suppose -3*t = 1 - 10. Let g(l) = -3*l - 5 + l**2 - t + 2. What are the prime factors of g(5)?
2
Suppose -p = -5*l - 195, -3*l + 0*l + 2*p - 110 = 0. What are the prime factors of (950/l)/((6/8)/(-3))?
5, 19
Suppose 474 + 483 = 3*n. What are the prime factors of n?
11, 29
Suppose 19*x = 16*x + 9. Suppose -3*n + 4*j + 579 = 0, x*n = -j - 84 + 663. List the prime factors of n.
193
Let f(g) = 4*g**3 - 2*g**2 + 2*g - 2. Let v(k) = -3*k**3 + k**2 - 3*k + 2. Let z(l) = 2*f(l) + 3*v(l). What are the prime factors of z(-4)?
2, 5, 7
Suppose -18*v + 32 = -14*v. Suppose s = 1 + 1. Suppose v = s*h - h. What are the prime factors of h?
2
Let x be (-337*1)/(-9 + 8). Suppose -63 = -i + 5*b - b, 0 = -4*i - b + x. List the prime factors of i.
83
Let r(i) = 3*i**2 - 46*i - 44. What are the prime factors of r(27)?
17, 53
List the prime factors of ((-96)/28)/(-4)*728/8.
2, 3, 13
Let f be (-54)/7 + 6/(-21). List the prime factors of (-54)/4*16/f.
3
Suppose -51 = -l + 4*l. Let b = l - -23. Suppose 2*c = 3*s + 65, b*c + 4*s - 140 = 2*c. List the prime factors of c.
2, 17
Suppose -17170 - 45550 = -49*i. What are the prime factors of i?
2, 5
Suppose 0 = 4*k + 2*p - 42, -55 = -5*k + 2*p - 4*p. Suppose -156 = -4*d + 3*l, k = d - 4*l - 13. List the prime factors of d.
2, 3, 7
Let i be 2 + -1 - -1 - -3. Suppose i*x - 817 = 3*u, -u + 3*u = -3*x + 475. List the prime factors of x.
7, 23
Let j = -17 - -21. Suppose j*p + 8 = 2*d, 2*d + 4 - 18 = p. Suppose -d*y = -3*y - 255. List the prime factors of y.
3, 17
Suppose -12 = -4*h - 5*c + c, -15 = -h + 2*c. Suppose h*o - 483 = -0*o. List the prime factors of o.
3, 23
Suppose 4*b + 529 = 141. Let q = -57 - b. Suppose -p - p = -q. What are the prime factors of p?
2, 5
Let i(d) = -2*d**2 + 13*d + 7. Let r be i(-5). Let f = 132 + r. List the prime factors of f.
2, 3
Let y = 294 + 145. What are the prime factors of y?
439
Suppose 8060 = 17*n - 4*n. What are the prime factors of n?
2, 5, 31
Suppose r = -3*m + 5*m + 13, -3*m - r - 7 = 0. Let n be (2/m)/((-3)/(-318)). Let s = 108 + n. List the prime factors of s.
5, 11
List the prime factors of (-6)/(-27) - 5704*7/(-63).
2, 317
Suppose -4*a - 2*m = -m - 1895, -3*m + 471 = a. Let r = 315 - a. What are the prime factors of 4 + r*4/(-12)?
3, 19
Suppose -4*b - 19 = -71. Suppose q - b = -3*o + 8, 5*q = -3*o + 45. List the prime factors of q.
2, 3
Let a be (20/(-15))/(3/(-9)). Suppose 4*t - 3*m - 192 = 0, 5*t - a*m + 117 = 358. List the prime factors of t.
3, 5
Let o be -20 - -2*(2 - 4). List the prime factors of 2*45 + 24 + o.
2, 3, 5
Let s(h) = h + 2. Let t be s(-5). Let b(l) = l**2 + l - 3. Let d be b(t). Suppose 2*w + d*w - 360 = 0. List the prime factors of w.
2, 3
Let b = -7 + -1. Let k(q) = q**3 + 7*q**2 - 8*q - 3. Let x be k(b). What are the prime factors of 210/12 + x/(-2)?
19
Let i(u) = -8*u - 15. Let m be i(-10). Suppose 0 = 9*q - m - 367. What are the prime factors of q?
2, 3
Let v = -97 - -24. Let s = 105 + v. List the prime factors of s.
2
Let u(z) = 5*z**3 - 8*z**2 + 5*z - 13. Let w(p) = -3*p**3 + 4*p**2 - 2*p + 7. Let s(c) = 4*u(c) + 7*w(c). List the prime factors of s(-7).
2, 3, 17
Let y(t) = -t - 7. Let j be y(-7). Suppose j = -4*d - 0*d + 28. Suppose 3*g - 17 = g - r, -2*g = 3*r - d. What are the prime factors of g?
11
List the prime factors of 339*19/((-171)/(-6)).
2, 113
Let i = 649 + -367. List the prime factors of i.
2, 3, 47
Let a = 14 + -11. Suppose -2*g + 16 = -2*k, -5*k = a*g - 4*g + 48. List the prime factors of (-1)/(k/4 + 2).
2
Suppose 4*g = 2*c + 7964, -5*c = 4*g - 9*g + 9945. What are the prime factors of g?
1993
List the prime factors of ((-4)/(-6))/(5 - (-3099)/(-621)).
3, 23
Suppose 5*s - 2490 = t, -4*t - 472 = -s - 9*t. List the prime factors of s.
7, 71
Let s be 7 - 7 - 134*(-5)/(-2). Let v = s + 491. What are the prime factors of v?
2, 3, 13
Let z be (